Let h be u(9). Let f(v) = 14*v**2 + 5*v + 11. Calculate the remainder when f(h) is divided by 21.
15
Let h = 148 - 84. Let z = h - 41. Let s = -2 + z. What is the remainder when s is divided by 11?
10
Suppose 5*s - 104*i + 103*i - 256 = 0, s - 4*i - 36 = 0. Calculate the remainder when 622 is divided by s.
50
Let b = -145 + 287. Let a = 199 - b. Calculate the remainder when a is divided by 18.
3
Let y = -20 - 8. Let k = y + 35. Calculate the remainder when 32 is divided by k.
4
What is the remainder when 271 is divided by (-444)/(-6) + (0 - 5)?
64
Let c = 2351 - 2346. Calculate the remainder when (4 - -34)*1/2 is divided by c.
4
Let m(n) = -n**3 + 16*n**2 - 9*n + 7. Let y = 5 + 10. Calculate the remainder when m(y) is divided by 50.
47
Let s = -11 + 17. Suppose 2*p - s*p = -8. Suppose -5 = -d - 3, 0 = -p*v - 3*d + 80. Calculate the remainder when v is divided by 19.
18
Suppose 0 = -38*f + 36*f + 1020. Suppose 0*r = 5*r - f. Suppose -8*p = -11*p + r. Calculate the remainder when 66 is divided by p.
32
Let c(n) = -2 + 4 - 1 + n. Suppose 0 = -5*f + 9 + 1. What is the remainder when f is divided by c(1)?
0
Suppose -17 = 2*q + 7. Let z = q + 14. Suppose o = -z + 11. Calculate the remainder when 24 is divided by o.
6
Let y(c) = -41*c + 1862. Calculate the remainder when 1/2 - (-357)/6 is divided by y(45).
9
Suppose -5*a + 20 = 0, -4*i + 5*a - 6 = -2. Let o(q) = q**3 + 9*q**2 + 16*q - 2. Calculate the remainder when (i/10)/(2/240) is divided by o(-5).
12
Let u be (2 + (1 - 2))/((-1)/(-5)). Suppose u*d - 7*d + 32 = 0. What is the remainder when 29 is divided by d?
13
Suppose 2*v - y - 16 = -4, 0 = -3*v - y + 18. Calculate the remainder when 38 is divided by v.
2
Let p(y) = y**3 - 18*y**2 + 18*y - 12. Let b = -37 + 54. Calculate the remainder when 7 is divided by p(b).
2
What is the remainder when (10/7)/((-10)/(-350)) is divided by 3/(-1)*(38/(-6) - -2)?
11
Suppose 2*y + 0*y - 60 = 0. What is the remainder when 30 is divided by y?
0
Let w = 238 + -211. What is the remainder when w is divided by 17?
10
Let y(r) = r**2 + 5*r + 3. Let b be y(-5). Let a = -29 + 34. Suppose 0 = -4*n + a + b. What is the remainder when 4 is divided by n?
0
Let o(h) = h + 12. Let u be o(-7). Suppose u*d = -0 - 30. Calculate the remainder when 6 + -8 - (d + 2) is divided by 2.
0
Suppose 4*o + 17 = -j + 50, -4*j + 4*o + 52 = 0. Calculate the remainder when 66 is divided by j.
15
Suppose -3*d - 40 = -178. Suppose 2*k - d = 32. What is the remainder when k is divided by 122/6 - (-4)/6?
18
Let y(s) = 303*s + 8 - 306*s + 12. Calculate the remainder when 5 is divided by y(6).
1
Let i = 78 - 67. Suppose 2*o - 19 - 19 = 0. Calculate the remainder when o is divided by i.
8
Suppose 4*o + 4*g - 774 = -114, g = 3*o - 503. What is the remainder when o is divided by 44?
35
Let w(x) be the third derivative of x**5/60 + x**4/6 + x**3/6 + 2*x**2. Let d = -25 - -47. Calculate the remainder when d is divided by w(-5).
4
Suppose 38 = 3*r - 4*m, 2*r = -4*m + 8 + 4. Let b = -1 + r. Calculate the remainder when 80 is divided by b.
8
Let n(l) = -5*l + 2. Let s(g) = 5*g - 1. Let p(b) = -2*n(b) - 3*s(b). Calculate the remainder when 25 is divided by p(-2).
7
Suppose -1817 - 9083 = -25*h. What is the remainder when h is divided by 146?
144
Suppose -m = -3*d + 313, -4*d = -m + 89 - 505. What is the remainder when d is divided by 23?
11
Suppose z = -4*h + 523, 3*z - 2*z - 563 = 4*h. What is the remainder when z is divided by 39?
36
Suppose 0 = 4*s + j + 13, -6*s - 2*j = -s + 14. Let m be 1/(-2) + (-236)/(-8). Calculate the remainder when 54 is divided by m + (3 - (-16)/s).
26
Suppose -2*j + 6*j = -88. Let m = 52 + j. What is the remainder when m is divided by (-58)/(-7) - 2/7?
6
Let k(q) = -3*q + 26. Let n be k(6). Let t = 8 + n. What is the remainder when 190 is divided by t?
14
Let p = -17 + 694. What is the remainder when p is divided by 85?
82
Suppose -4*t + 128 = -2*y, 4*y = -7*t + 6*t + 14. What is the remainder when 444 is divided by t?
24
Suppose c - 33 = -4*w, -c + 29*w + 24 = 30*w. Calculate the remainder when 29 is divided by c.
8
Suppose 0 = 5*w - i - 59, -2*i = -5*w + 3*i + 55. Let l(k) be the second derivative of k**3/6 + k**2/2 - 5*k. What is the remainder when w is divided by l(6)?
5
Suppose -5*x + 2*h + h + 112 = 0, 4*h - 4 = 0. Let z(q) = 179*q + 1. Let o be z(1). Suppose t + t - o = 0. Calculate the remainder when t is divided by x.
21
Let p = -42 + 71. What is the remainder when 124 + (-16)/8 + -11 + 3 is divided by p?
27
Suppose -4*k = 2*u + 2*u + 476, -3*u = k + 347. Let l = 122 + u. Let n = -14 - -29. What is the remainder when n is divided by l?
7
Suppose g + 318 = 5*h, 0 = -3*h + h + 3*g + 135. Let t = -45 + 38. Let u = t + 23. What is the remainder when h is divided by u?
15
Let u = 51 + 21. Let o be (-14)/77 - u/(-33). Let r(q) = 22*q - 4. What is the remainder when r(o) is divided by 21?
19
Suppose 0 = 8*v - 7 - 9. Calculate the remainder when (1 + -2)*-2 + 34 is divided by (-9)/6 - (-41)/v.
17
Let t be ((-3)/(-2))/((-3)/(-6)). Suppose -2*r = -t*r + 5. Suppose -3*h + g + 29 = 0, 2*h = 3*h + r*g + 17. Calculate the remainder when h is divided by 3.
2
Suppose 112 = -6*o - o. What is the remainder when 26 is divided by -1*(4/o + (-78)/8)?
6
Let v(s) = -s - 6. Let j be v(-8). Suppose -3*d - 4*r + 13 = -j*r, d - 15 = 2*r. Calculate the remainder when d is divided by 3.
1
Suppose 5*t + 10 = 0, -h + 7*t = 3*t - 35. Let l be 57/6 - 2/(-4). Let k = h - l. Calculate the remainder when 65 is divided by k.
14
Suppose 3*q = -4*q - 7. Calculate the remainder when q + 29 + (-19 - -17) is divided by 9.
8
Let p be (1 - -9) + 3 + -4. What is the remainder when 25 is divided by p - 6 - 1/((-1)/6)?
7
Let t(z) = 35*z**3 + 2*z**2 - 1. Let n be t(1). Let m = n + -27. Let q(p) = p**2 - 9*p + 13. What is the remainder when q(m) is divided by 4?
1
Let q be 137/3 - (-6)/(-9). Let d(k) = 4*k**2 - k - 2. Let z be d(-2). Suppose 3*j - q = g + 35, j = 3*g + z. Calculate the remainder when j is divided by 15.
13
Let a(p) = -2*p**2 - 8*p + 8. Let w be a(-6). Let t = w + 20. What is the remainder when 7 is divided by t?
3
Let k be 0 + 1/(1/(-2)) + -5. What is the remainder when 33 is divided by -2 - k/((-28)/(-88))?
13
Let w = -12 + 15. Let g be 4/24*w*-10. What is the remainder when 51 is divided by (-2)/g + 252/20?
12
Suppose -5*d + 1177 = 3*l, -22*l + 4 = -26*l. What is the remainder when d is divided by 16?
12
Let z(b) = -5*b + 37. Let w be 1/6 + 6/(-36). Calculate the remainder when z(w) is divided by 13.
11
Suppose -2*q - 5*c = 17 - 247, -c = 2*q - 246. Let s = 194 - q. Suppose 3*p + 0 = 3*r + s, -r - 92 = -4*p. Calculate the remainder when p is divided by 6.
5
Let d(i) = 25*i**2 + 5*i - 3. Suppose 5*u + 4*n = -2, -12 - 4 = -2*u + 4*n. Calculate the remainder when d(u) is divided by 37.
33
Suppose 4*t = -2*k + 58, 0 = -2*t - 8*k + 3*k + 25. Let b = t - 11. What is the remainder when b is divided by 2?
0
Suppose -5*t = 3*b - 84 - 58, 5*t + b = 144. What is the remainder when 101 is divided by t?
14
Let i(y) = y**3 + 22*y**2 - 49*y + 18. Calculate the remainder when 106 is divided by i(-24).
22
Let a = 2 + -8. Let b be (-18 + a)*4/6. Let g = -5 - b. What is the remainder when g is divided by 4?
3
Let o(m) = 3*m + 42. Let g be o(0). Suppose i - 2*i + g = 2*s, 4*s + i = 82. What is the remainder when s is divided by 13?
7
Suppose -4*f - 2*z + 18 = 0, 5*f - 3*z + 7*z - 27 = 0. Let m(i) = i**3 + 6*i**2 - 4*i - 21. What is the remainder when f is divided by m(-6)?
0
Suppose 36 = 2*p + 28. Suppose -p - 20 = -o. Let s = 23 - 10. What is the remainder when o is divided by s?
11
Suppose -3*g - 5*i = -145, -g = -4*g + 4*i + 127. Calculate the remainder when g is divided by (4 + (-22)/6 - 770/(-66))/1.
9
Let s be (2/(1*-4))/((-7)/56). Suppose 4*f + 19 + 34 = 3*c, 19 = s*c + 5*f. What is the remainder when 17 is divided by c?
6
Let b(p) = 3*p - 22 + 23*p**2 + 7 - p**3 - 5. What is the remainder when 195 is divided by b(23)?
48
Let c(v) = -73*v + 3. Let p be c(-3). Suppose -9*j + p = -192. Let a = 16 + 0. Calculate the remainder when j is divided by a.
14
Let z(b) = 5*b**2 + 58*b + 14. Calculate the remainder when z(-12) is divided by 7.
3
Suppose -8*k + 427 = -k. Suppose -5*o + k = -434. Calculate the remainder w